{"id":562,"date":"2017-06-09T19:41:50","date_gmt":"2017-06-09T17:41:50","guid":{"rendered":"http:\/\/ruegen.aldebaran.uberspace.de\/wordpress\/?page_id=562"},"modified":"2026-03-14T10:36:26","modified_gmt":"2026-03-14T09:36:26","slug":"regionale-erfrischungsgetraenke","status":"publish","type":"page","link":"https:\/\/fischkutter-luett-matten.de\/index.php\/fisch-bier\/regionale-erfrischungsgetraenke\/","title":{"rendered":"Erfrischende Getr\u00e4nke"},"content":{"rendered":"<p>Vom frisch gezapften St\u00f6rtebeker Pils \u00fcber gut gek\u00fchlte alkoholfreie Getr\u00e4nke bis hin zu Cocktails sowie hochprozentigen Spezialit\u00e4ten der Insel haben wir ein reichhaltiges, regionales Angebot. Neben dem Strandr\u00e4uber BioBiermix finden Sie bei uns u.a. Lik\u00f6re der M\u00f6nchguter Hofbrennerei.<\/p>\n<p><a href=\"http:\/\/fischkutter-luett-matten.de\/index.php\/getraenkekarte\/\" target=\"_blank\" rel=\"noopener\">Mehr erfahren<\/a><\/p>\n","protected":false},"excerpt":{"rendered":"<p>Vom frisch gezapften St\u00f6rtebeker Pils \u00fcber gut gek\u00fchlte alkoholfreie Getr\u00e4nke bis hin zu Cocktails sowie hochprozentigen Spezialit\u00e4ten der Insel haben wir ein reichhaltiges, regionales Angebot. Neben dem Strandr\u00e4uber BioBiermix finden Sie bei uns u.a. Lik\u00f6re der M\u00f6nchguter Hofbrennerei. Mehr erfahren<\/p>\n","protected":false},"author":1,"featured_media":572,"parent":552,"menu_order":0,"comment_status":"closed","ping_status":"closed","template":"","meta":[],"yoast_head":"<!-- This site is optimized with the Yoast SEO plugin v15.3 - https:\/\/yoast.com\/wordpress\/plugins\/seo\/ -->\n<title>Erfrischende Getr\u00e4nke - Fischkutter &quot;L\u00fctt Matten&quot;<\/title>\n<meta name=\"robots\" content=\"index, follow, max-snippet:-1, max-image-preview:large, max-video-preview:-1\" \/>\n<link rel=\"canonical\" href=\"https:\/\/fischkutter-luett-matten.de\/index.php\/fisch-bier\/regionale-erfrischungsgetraenke\/\" \/>\n<meta property=\"og:locale\" content=\"de_DE\" \/>\n<meta property=\"og:type\" content=\"article\" \/>\n<meta property=\"og:title\" content=\"Erfrischende Getr\u00e4nke - Fischkutter &quot;L\u00fctt Matten&quot;\" \/>\n<meta property=\"og:description\" content=\"Vom frisch gezapften St\u00f6rtebeker Pils \u00fcber gut gek\u00fchlte alkoholfreie Getr\u00e4nke bis hin zu Cocktails sowie hochprozentigen Spezialit\u00e4ten der Insel haben wir ein reichhaltiges, regionales Angebot. Neben dem Strandr\u00e4uber BioBiermix finden Sie bei uns u.a. Lik\u00f6re der M\u00f6nchguter Hofbrennerei. Mehr erfahren\" \/>\n<meta property=\"og:url\" content=\"https:\/\/fischkutter-luett-matten.de\/index.php\/fisch-bier\/regionale-erfrischungsgetraenke\/\" \/>\n<meta property=\"og:site_name\" content=\"Fischkutter &quot;L\u00fctt Matten&quot;\" \/>\n<meta property=\"article:modified_time\" content=\"2026-03-14T09:36:26+00:00\" \/>\n<meta property=\"og:image\" content=\"https:\/\/fischkutter-luett-matten.de\/wp-content\/uploads\/2017\/06\/Strandra\u0308uber-e1497037794213.jpg\" \/>\n\t<meta property=\"og:image:width\" content=\"2000\" \/>\n\t<meta property=\"og:image:height\" content=\"1330\" \/>\n<meta name=\"twitter:card\" content=\"summary\" \/>\n<meta name=\"twitter:label1\" content=\"Verfasst von\">\n\t<meta name=\"twitter:data1\" content=\"RuegenHochzeit\">\n\t<meta name=\"twitter:label2\" content=\"Gesch\u00e4tzte Lesezeit\">\n\t<meta name=\"twitter:data2\" content=\"0\u00a0Minuten\">\n<script type=\"application\/ld+json\" class=\"yoast-schema-graph\">{\"@context\":\"https:\/\/schema.org\",\"@graph\":[{\"@type\":\"WebSite\",\"@id\":\"https:\/\/fischkutter-luett-matten.de\/#website\",\"url\":\"https:\/\/fischkutter-luett-matten.de\/\",\"name\":\"Fischkutter &quot;L\\u00fctt Matten&quot;\",\"description\":\"Der Fischimbiss mit maritimen Flair\",\"potentialAction\":[{\"@type\":\"SearchAction\",\"target\":\"https:\/\/fischkutter-luett-matten.de\/?s={search_term_string}\",\"query-input\":\"required name=search_term_string\"}],\"inLanguage\":\"de\"},{\"@type\":\"ImageObject\",\"@id\":\"https:\/\/fischkutter-luett-matten.de\/index.php\/fisch-bier\/regionale-erfrischungsgetraenke\/#primaryimage\",\"inLanguage\":\"de\",\"url\":\"https:\/\/fischkutter-luett-matten.de\/wp-content\/uploads\/2017\/06\/Strandra\\u0308uber-e1497037794213.jpg\",\"width\":2000,\"height\":1330},{\"@type\":\"WebPage\",\"@id\":\"https:\/\/fischkutter-luett-matten.de\/index.php\/fisch-bier\/regionale-erfrischungsgetraenke\/#webpage\",\"url\":\"https:\/\/fischkutter-luett-matten.de\/index.php\/fisch-bier\/regionale-erfrischungsgetraenke\/\",\"name\":\"Erfrischende Getr\\u00e4nke - Fischkutter &quot;L\\u00fctt Matten&quot;\",\"isPartOf\":{\"@id\":\"https:\/\/fischkutter-luett-matten.de\/#website\"},\"primaryImageOfPage\":{\"@id\":\"https:\/\/fischkutter-luett-matten.de\/index.php\/fisch-bier\/regionale-erfrischungsgetraenke\/#primaryimage\"},\"datePublished\":\"2017-06-09T17:41:50+00:00\",\"dateModified\":\"2026-03-14T09:36:26+00:00\",\"inLanguage\":\"de\",\"potentialAction\":[{\"@type\":\"ReadAction\",\"target\":[\"https:\/\/fischkutter-luett-matten.de\/index.php\/fisch-bier\/regionale-erfrischungsgetraenke\/\"]}]}]}<\/script>\n<!-- \/ Yoast SEO plugin. -->","_links":{"self":[{"href":"https:\/\/fischkutter-luett-matten.de\/index.php\/wp-json\/wp\/v2\/pages\/562"}],"collection":[{"href":"https:\/\/fischkutter-luett-matten.de\/index.php\/wp-json\/wp\/v2\/pages"}],"about":[{"href":"https:\/\/fischkutter-luett-matten.de\/index.php\/wp-json\/wp\/v2\/types\/page"}],"author":[{"embeddable":true,"href":"https:\/\/fischkutter-luett-matten.de\/index.php\/wp-json\/wp\/v2\/users\/1"}],"replies":[{"embeddable":true,"href":"https:\/\/fischkutter-luett-matten.de\/index.php\/wp-json\/wp\/v2\/comments?post=562"}],"version-history":[{"count":8,"href":"https:\/\/fischkutter-luett-matten.de\/index.php\/wp-json\/wp\/v2\/pages\/562\/revisions"}],"predecessor-version":[{"id":1109,"href":"https:\/\/fischkutter-luett-matten.de\/index.php\/wp-json\/wp\/v2\/pages\/562\/revisions\/1109"}],"up":[{"embeddable":true,"href":"https:\/\/fischkutter-luett-matten.de\/index.php\/wp-json\/wp\/v2\/pages\/552"}],"wp:featuredmedia":[{"embeddable":true,"href":"https:\/\/fischkutter-luett-matten.de\/index.php\/wp-json\/wp\/v2\/media\/572"}],"wp:attachment":[{"href":"https:\/\/fischkutter-luett-matten.de\/index.php\/wp-json\/wp\/v2\/media?parent=562"}],"curies":[{"name":"wp","href":"https:\/\/api.w.org\/{rel}","templated":true}]}}